base 14) in base 15?
231bb3
Convert -3954c8 (base 14) to base 8.
-7417210
Convert -11111101010001111111 (base 2) to base 10.
-1037439
Convert 313341102 (base 5) to base 13.
36a9ca
What is 133002243 (base 5) in base 6?
22224010
What is 11102211221 (base 3) in base 4?
111111022
Convert -3039c (base 13) to base 9.
-141360
-2bd2e4 (base 16) to base 14
-54a936
What is 2a18c6 (base 14) in base 4?
11211133212
What is -149cd8 (base 15) in base 11?
-61a745
-11000011011011111100 (base 2) to base 7
-6542562
Convert 101000120102 (base 3) to base 15.
3d69b
What is 1020100120112020 (base 3) in base 15?
1852249
-2133253 (base 6) to base 13
-39180
303200142 (base 5) to base 13
33b7a5
Convert -1052531 (base 7) to base 15.
-28a72
-127b13 (base 16) to base 3
-2021112101121
Convert 2c239 (base 13) to base 3.
11021001101
-12121144 (base 7) to base 13
-2bac92
Convert 10211001021 (base 3) to base 4.
102111301
-4118485 (base 9) to base 10
-2197607
-cb0112 (base 14) to base 4
-122032320010
Convert -ff58 (base 16) to base 6.
-1222344
382007 (base 9) to base 6
4541524
Convert -13b8a (base 14) to base 7.
-262433
Convert 110011110100001111110100 (base 2) to base 15.
12d4a68
78eb6 (base 16) to base 5
111322121
b77e23 (base 15) to base 6
511112340
What is -542341 (base 11) in base 13?
-24476a
Convert -8419318 (base 11) to base 9.
-30833643
What is 24185 (base 12) in base 11?
33599
42123203 (base 5) to base 14
91049
Convert 3b580 (base 15) to base 12.
92119
Convert 1a8608a (base 11) to base 3.
20121012002101
Convert -425533 (base 14) to base 4.
-20203210321
Convert 580030 (base 10) to base 11.
366870
-42c5d (base 14) to base 15
-32d27
Convert -34244030 (base 5) to base 4.
-1022233130
Convert -1220222202010 (base 3) to base 14.
-1c8d10
What is 1073253 (base 10) in base 7?
12060006
Convert 33030 (base 13) to base 3.
11200122000
Convert -112424152 (base 7) to base 10.
-6897130
What is 11400245 (base 6) in base 7?
3020066
What is -4016251 (base 7) in base 3?
-220010211121
Convert 2011 (base 11) to base 7.
10540
What is -222212001221 (base 3) in base 11?
-331145
What is -54817 (base 10) in base 11?
-38204
What is 10010032230 (base 4) in base 2?
100000100001110101100
What is -41497 (base 12) in base 15?
-1a45d
b3986 (base 12) to base 16
394b6
What is 44355 (base 6) in base 8?
14057
What is -11034501 (base 6) in base 13?
-b7b8c
Convert -1b9964 (base 16) to base 3.
-10101220010101
-50044040 (base 7) to base 3
-21202202112112
Convert 2429810 (base 11) to base 2.
10000001000100110111110
-12500641 (base 7) to base 6
-40300331
What is 133504211 (base 6) in base 12?
aa2067
What is 7dce (base 16) in base 5?
2012311
-7133176 (base 8) to base 14
-36da90
33726 (base 11) to base 3
2110221002
3a436 (base 14) to base 3
21021212120
Convert -7715111 (base 8) to base 6.
-112220253
35550242 (base 6) to base 3
2002211100122
Convert -17490627 (base 10) to base 2.
-1000010101110001011000011
What is -102814 (base 12) in base 16?
-3de10
What is -1c184 (base 14) in base 15?
-16371
What is -1545d4 (base 14) in base 16?
-b529e
Convert -cac3e (base 15) to base 12.
-270835
7109a (base 11) to base 3
12021120011
Convert -34207637 (base 8) to base 15.
-9b5662
Convert 1220100111 (base 3) to base 13.
14068
Convert 952a1 (base 13) to base 7.
2165544
Convert 1101010001100111100 (base 2) to base 13.
122ccb
What is -4500261 (base 8) in base 2?
-100101000000010110001
Convert 398913 (base 12) to base 15.
13ae70
Convert -649472 (base 11) to base 6.
-34122500
Convert 9a059 (base 11) to base 3.
21101002200
What is 100101000011000110010 (base 2) in base 16?
128632
-9b6711 (base 13) to base 15
-4c76e2
Convert 1001101110111101 (base 2) to base 9.
60618
What is -13b340 (base 12) in base 7?
-2544432
What is 624d8 (base 16) in base 8?
1422330
-524101423 (base 6) to base 13
-1b8601c
404021 (base 6) to base 13
11731
What is c23b21 (base 15) in base 9?
18322184
Convert -18f18 (base 16) to base 12.
-4b160
Convert 364624 (base 8) to base 16.
1e994
What is -121772 (base 12) in base 5?
-33340001
-4639b8 (base 16) to base 12
-165b448
Convert -6205414 (base 8) to base 11.
-a21096
111111101101100110001 (base 2) to base 5
1013301404
What is 11462656 (base 10) in base 14?
17454d2
Convert -19230 (base 12) to base 5.
-2132422
Convert -1111201122222 (base 3) to base 15.
-10c7db
What is -15200103 (base 6) in base 16?
-811a7
What is 20103230000 (base 4) in base 8?
10235400
-318645 (base 9) to base 8
-563163
Convert 4a516 (base 11) to base 9.
120401
What is 7747401 (base 8) in base 3?
10220220112202
23430666 (base 8) to base 10
5124534
2d3ab (base 14) to base 16
1ba5b
Convert -20110103300 (base 4) to base 16.
-2144f0
208c73 (base 14) to base 15
16ae1d
Convert 294089 (base 10) to base 3.
112221102012
1e814 (base 15) to base 6
2045314
What is -10000111011001000 (base 2) in base 10?
-69320
3a3318 (base 12) to base 3
1210202011202
Convert -5436525 (base 7) to base 5.
-132234443
What is -1e5365 (base 16) in base 7?
-22615153
1000111000100101100001 (base 2) to base 7
25536611
Convert 773260 (base 8) to base 9.
435282
What is -7405219 (base 10) in base 11?
-41a8718
Convert 10011001110111011110101 (base 2) to base 9.
10434171
Convert 1333130030 (base 4) to base 9.
875035
Convert -32310130 (base 4) to base 8.
-166434
What is -1201201220 (base 4) in base 15?
-7d55e
Convert -143952 (base 11) to base 10.
-224754
Convert 202556 (base 8) to base 5.
4120201
-54252145 (base 6) to base 14
-2dc449
What is 1110275 (base 10) in base 11?
699191
26c129 (base 14) to base 4
11012332221
Convert 104412231 (base 5) to base 11.
2995a1
What is 21211112012000 (base 3) in base 6?
225123130
-1121230123 (base 4) to base 2
-1011001101100011011
Convert -43556 (base 13) to base 7.
-1014650
Convert 51401513 (base 6) to base 10.
1477845
-453b9b (base 13) to base 4
-12033203023
Convert 248311 (base 12) to base 16.
913bd
Convert 1120220220 (base 3) to base 11.
21566
Convert -30944 (base 11) to base 13.
-17682
Convert -248368 (base 14) to base 16.
-131a68
Convert -31314205 (base 6) to base 14.
-19a52d
-42510606 (base 8) to base 10
-9081222
What is -1111000101001111010 (base 2) in base 15?
-9b66c
Convert 55104513 (base 6) to base 16.
190d3d
What is 1241523 (base 6) in base 3?
10110000020
-122302024 (base 5) to base 11
-371661
Convert 11120202211101 (base 3) to base 9.
4522741
What is aa4379 (base 12) in base 16?
293f0d
-5968a5 (base 15) to base 13
-b68916
What is -21125551 (base 6) in base 2?
-10010110111011001011
12a97e (base 15) to base 5
212142034
-225015223 (base 6) to base 16
-3f65df
What is -10111110000110000000 (base 2) in base 9?
-1416057
What is 10010110001101001000 (base 2) in base 12?
258060
What is -422253 (base 6) in base 10?
-34233
What is -1304250 (base 11) in base 7?
-25132620
What is 29ae (base 16) in base 5?
320140
-65033 (base 14) to base 9
-412051
Convert d71e1 (base 16) to base 4.
3113013201
What is 25bb95 (base 12) in base 8?
2276741
-982155 (base 11) to base 16
-17f296
Convert 132203122 (base 4) to base 7.
1030600
Convert -829a47 (base 11) to base 5.
-320042210
-254999 (base 10) to base 6
-5244315
Convert -1002122201200 (base 3) to base 6.
-20302243
99329 (base 12) to base 9
337866
1032400434 (base 5) to base 10
2231369
What is 9374 (base 11) in base 3?
122001010
What is 100221110002 (base 3) in base 13?
6b0c9
Convert 210870 (base 12) to base 4.
1332313110
1966a68 (base 11) to base 6
155041424
20c10 (base 13) to base 6
1133523
Convert 121134531 (base 6) to base 13.
6264a3
Convert -1111112202000 (base 3) to base 9.
-1445660
3849309 (base 11) to base 15
8bc73b
Convert -12102100332 (base 4) to base 3.
-10002201012010
What is 4646377 (base 9) in base 6?
125452541
Convert -130323202 (base 4) to base 8.
-347342
What is -206414 (base 9) in base 12?
-5b0a1
Convert -4a20c (base 16) to base 15.
-5ee6d
Convert -bb8cb (base 13) to base 12.
-144815
Convert -b4129 (base 15) to base 11.
-35a803
What is 20202221101 (base 3) in base 4?
200203303
Convert 2022303112 (base 4) to base 7.
4555351
-164416 (base 8) to base 3
-10000211201
What is -104fc (base 16) in base 13?
-24545
What is 4300340441 (base 5) in base 10?
8996371
What is 12479 (base 14) in base 4?
22323323
Convert 2729b4 (base 13) to base 2.
11100111100101011111
Convert -58522 (base 9) to base 13.
-14a1a
Convert 18774